et x(r) = -21*r**3 + 16*r**2 + 46*r - 43. Give x(1).
-2
Let l(t) = -t**2 + 21*t - 34. Give l(-17).
-680
Let z(u) = -u**3 + 2066*u**2 + 16590*u - 23. Give z(-8).
-7
Let y(j) = 6*j**3 + 54*j**2 + 194*j + 300. Determine y(-4).
4
Let z(t) = -978*t**2 - 2382*t - 22. Calculate z(-3).
-1678
Let x(w) = w**2 + 17*w - 440. Calculate x(-28).
-132
Let w(r) = -5*r**2 + 2102*r + 87078. Give w(-38).
-18
Let f(h) = -h**2 + 1857*h - 342990. Calculate f(208).
2
Let v(d) = -2508*d**2 + 963070*d + 763. Give v(384).
-5
Let j(o) = -o**3 + 38*o**2 - 192*o + 1026. Determine j(33).
135
Let s(b) = -916*b - 12916. Determine s(-12).
-1924
Let h(j) = 3*j**3 - 296*j**2 + 4843*j - 466. What is h(78)?
80
Let o(a) = 14088*a + 788927. Determine o(-56).
-1
Let u(a) = 2*a**2 + 314*a + 11119. Calculate u(-57).
-281
Let b(p) = -10*p**2 - 1478*p - 19915. Give b(-133).
-231
Let x(a) = a**3 - 20*a**2 + 9*a + 988. Determine x(11).
-2
Let z(m) = -12*m**2 - 11758*m - 35255. Determine z(-3).
-89
Let o(n) = -48*n**2 - 1059*n + 6477. Calculate o(5).
-18
Let s(k) = -4525*k + 22655. Calculate s(5).
30
Let x(u) = 18127*u + 36259. What is x(-2)?
5
Let a(g) = g**3 - 7*g**2 - 55*g + 197. What is a(11)?
76
Let o(s) = 3*s**3 - 127*s**2 - 317*s + 4227. Give o(44).
-41
Let h(i) = -4580*i - 257388. Give h(-56).
-908
Let f(v) = -42*v**2 - 21*v + 151. Determine f(6).
-1487
Let s(h) = h**3 - 26*h**2 - 1372*h + 23051. Determine s(15).
-4
Let b(f) = 120823*f + 241652. What is b(-2)?
6
Let j(b) = -1073905*b - 4295586. What is j(-4)?
34
Let s(d) = 92413*d - 1570956. Give s(17).
65
Let c(u) = -2*u**3 - 316*u**2 + 493*u + 27973. Give c(-159).
148
Let q(i) = -i**2 - 8703*i - 191406. Calculate q(-22).
-424
Let q(b) = -31*b + 3198. Calculate q(103).
5
Let s(g) = -g**3 + 601*g**2 + 4507*g - 152598. What is s(608)?
10
Let m(u) = 2*u**2 + 547*u - 37607. What is m(-331)?
458
Let b(y) = -y**2 - 101*y + 12117. Calculate b(69).
387
Let w(t) = 32464*t + 162330. What is w(-5)?
10
Let c(f) = 38*f**2 - 179*f + 5. What is c(3)?
-190
Let a(f) = -143*f - 42642. Determine a(-298).
-28
Let l(n) = 334*n - 9760. Calculate l(29).
-74
Let r(u) = 2*u**3 - 33*u**2 + 32*u - 142. Calculate r(12).
-1054
Let q(t) = -425*t - 43788. What is q(-103)?
-13
Let d(k) = -k**3 + 9*k**2 - 60*k + 120. What is d(6)?
-132
Let l(g) = 688*g + 5229. What is l(-7)?
413
Let u(z) = 44*z**2 + 1113*z + 199. Give u(-25).
-126
Let u(p) = 4*p**3 + 238*p**2 + 2487*p + 142. Give u(-46).
4
Let s(n) = -12*n**2 + 141. Calculate s(0).
141
Let q(v) = 1097*v**2 + 4397*v + 61. Give q(-4).
25
Let w(s) = -27506*s - 275072. Calculate w(-10).
-12
Let v(d) = -2*d**3 + 11*d**2 + 21*d - 52. What is v(-4)?
168
Let f(n) = -7054*n + 211631. Calculate f(30).
11
Let d(r) = -r**3 - 40*r**2 + 41*r - 3821. Determine d(-43).
-37
Let k(c) = -266*c + 28969. Calculate k(109).
-25
Let c(j) = j**3 + 135*j**2 + 306*j - 6743. Give c(-132).
5137
Let y(r) = -39*r**2 - 43*r + 93. What is y(2)?
-149
Let w(k) = 11765*k + 541383. Determine w(-46).
193
Let r(d) = 3679*d - 21934. What is r(6)?
140
Let o(b) = -69499*b + 1250985. Determine o(18).
3
Let g(v) = -2646202*v + 42339232. Give g(16).
0
Let k(d) = -60*d**2 + 46798*d + 1616. Determine k(780).
56
Let i(d) = -346*d - 51682. Calculate i(-146).
-1166
Let g(x) = -756*x - 88449. Determine g(-117).
3
Let f(r) = -345*r + 18244. What is f(53)?
-41
Let d(j) = 271*j + 2439. Give d(-9).
0
Let i(r) = -11*r**2 + 4010*r - 52303. What is i(351)?
-4
Let n(v) = 14*v**2 + 572*v + 572. Determine n(-1).
14
Let d(k) = -1307*k + 36056. Determine d(28).
-540
Let s(f) = 8001*f - 95968. Determine s(12).
44
Let d(w) = -328*w + 13229. Give d(59).
-6123
Let m(j) = j**3 - 32*j**2 + 106*j + 7. Calculate m(0).
7
Let g(b) = 7*b**2 + 5336*b + 278155. Give g(-706).
-9
Let f(a) = -a**3 - 366*a**2 + 446*a + 29026. What is f(-367)?
33
Let b(v) = v**3 + 134*v**2 - 8529*v + 493. What is b(47)?
-541
Let g(x) = -380*x**2 - 1158*x - 58. Calculate g(-3).
-4
Let n(d) = 4572*d - 13714. Give n(3).
2
Let b(m) = m**2 + 11434*m + 182634. Calculate b(-16).
-54
Let p(n) = -33*n**3 + 1321*n**2 - 1321*n - 196. What is p(39)?
-1
Let o(v) = -1770*v - 330997. Determine o(-187).
-7
Let n(o) = -o**3 + 22*o**2 - 106*o + 3068. Determine n(23).
101
Let n(o) = 4*o**3 + 8*o**2 - 273*o - 81. Calculate n(-9).
108
Let r(f) = 480175*f + 8162971. What is r(-17)?
-4
Let c(v) = -424*v - 60581. Give c(-143).
51
Let i(g) = -104*g - 15795. Give i(-150).
-195
Let z(q) = -q**3 + 17*q**2 + 46*q - 251. Determine z(12).
1021
Let f(q) = q**3 + 14*q**2 + 214*q + 2986. Give f(-14).
-10
Let l(u) = -842*u**2 - 10947*u - 232. Determine l(-13).
-219
Let v(o) = o**3 + 46*o**2 + 2043*o + 107317. Give v(-49).
7
Let q(m) = -m**2 - 477*m + 29757. Give q(56).
-91
Let s(k) = 38*k**2 - 34*k - 157. Calculate s(-5).
963
Let o(b) = 554*b - 103598. Determine o(187).
0
Let j(s) = -273177*s - 16390609. Give j(-60).
11
Let l(x) = -x**3 + 9821*x**2 - 39176*x - 374. What is l(4)?
-6
Let q(y) = -326*y - 1951. Determine q(-6).
5
Let u(v) = 556*v**2 - 1082*v - 28. Calculate u(2).
32
Let g(w) = 2708*w - 4934. Calculate g(2).
482
Let a(o) = -2*o**3 + 26*o**2 + 1320*o - 18885. Give a(15).
15
Let o(b) = -19*b**2 - 4526*b + 57089. Give o(12).
41
Let k(u) = 37*u**2 - 4781*u + 1027. Give k(129).
-5
Let i(v) = -190878*v - 1145275. Calculate i(-6).
-7
Let q(a) = 2586*a + 1008558. What is q(-390)?
18
Let s(l) = -88*l**2 + 94*l - 115. Determine s(2).
-279
Let n(z) = -z**3 - 137*z**2 - 3640*z - 78. Determine n(-36).
66
Let d(h) = -10619*h + 254835. Determine d(24).
-21
Let y(r) = -r**2 + 240*r - 16316. Calculate y(109).
-2037
Let b(g) = 2*g**2 - 5499957*g - 21999850. Calculate b(-4).
10
Let g(n) = 4*n**3 - 107*n**2 + 60*n + 74. Give g(27).
2423
Let d(m) = 368*m + 5040. Calculate d(-14).
-112
Let u(p) = -271*p - 5384. What is u(-20)?
36
Let m(n) = -839*n - 2391. Determine m(-3).
126
Let m(f) = -f**2 - 8520*f - 136043. What is m(-16)?
21
Let z(v) = 23259*v - 3977283. Calculate z(171).
6
Let x(z) = 3*z**3 + 38*z**2 - 146*z + 164. What is x(-16)?
-60
Let k(o) = -8*o**2 + 645*o + 5031. Give k(88).
-161
Let v(c) = -4*c**3 - 560*c**2 - 3722*c + 249. Calculate v(-133).
-17
Let g(x) = 6*x**3 - 60*x**2 - 3413*x + 36827. Calculate g(11).
10
Let j(q) = 941*q + 595. Determine j(0).
595
Let g(z) = -2*z**2 + 1291*z - 82582. Give g(72).
2
Let s(z) = -126*z + 350. Give s(23).
-2548
Let m(r) = 56*r**3 + 154*r - 306. Calculate m(2).
450
Let h(y) = -y**3 + 202*y**2 - 34*y + 7210. What is h(202)?
342
Let r(d) = -6419*d + 7710. What is r(0)?
7710
Let m(o) = -o**3 - 16*o**2 + 212*o - 467. Determine m(-22).
-2227
Let d(g) = -g**2 + 56*g + 2156. Calculate d(-26).
24
Let t(i) = -i**3 + 58*i**2 + 3361*i - 174994. Calculate t(44).
-6
Let q(p) = 32830*p - 164181. Give q(5).
-31
Let o(s) = 27*s**2 + 126*s - 600. What is o(5)?
705
Let a(r) = -251*r**2 - 11294*r - 21. Calculate a(-45).
-66
Let r(h) = 49*h + 11388. Give r(-226).
314
Let k(t) = t**3 - 31*t**2 - 332*t - 5443. Determine k(42).
17
Let z(n) = -47*n + 1021. Determine z(26).
-201
Let c(n) = 1827*n - 43853. What is c(24)?
-5
Let d(y) = -2946*y - 20620. Give d(-7).
2
Let b(r) = 39628*r - 1703992. Calculate b(43).
12
Let q(v) = 7041*v**2 + 14501*v + 843. Determine q(-2).
5
Let w(p) = 248*p**2 - 537*p + 11. Give w(2).
-71
Let z(o) = -o**2 + 63*o + 5022. Calculate z(-45).
162
Let r(h) = -2*h**3 + 33*h**2 - 196*h + 1778. Calculate r(14).
14
Let x(i) = 24314*i + 1021123. Determine x(-42).
-65
Let n(c) = -3*c**2 + 3014*c + 21196. Calculate n(-7).
-49
Let n(i) = 3*i**3 + 358*i**2 - 281*i - 4699. Give n(-120).
221
Let j(i) = -i**3 + 139*i**2 + 568*i + 663. Calculate j(143).
91
Let d(t) = -74*t**2 + 922*t - 161. Calculate d(12).
247
Let v(u) = 140*u + 10752. Determine v(-74).
392
Let u(m) = -m**3 + 28*m**2 + 175*m - 4207. What is u(29)?
27
Let c(j) = 597*j - 182. Calculate c(-2).
-1376
Let y(g) = -2*g**3 - 529*g**2 + 561*g + 78444. Give y(-265).
4
Let v(j) = -15245*j - 7820683. Calculate v(-513).
2
Let k(b) = b**2 - 1065*b - 21677. Determine k(-20).
23
Let v(j) = j**2 - 63*j + 143. Calculate v(30).
-847
Let y(u) = 11*u**3 + 28*u**2 - 49*u - 232. Determine y(-7).
-2290
Let r(p) = p**2 + 4379*p - 159211. Give r(36).
-271
Let q(f) = -9*f**3 + 23*f**2 - 38*f - 19. Calculate q(3).
-169
Let s(y) = -y**3 + 42*y**2 + 188*y - 192. Determine s(46).